at is the tens digit of g?
2
Let z = 86 - 72. Let u(v) = 10*v + 16. What is the hundreds digit of u(z)?
1
Suppose 4*m = 9*m. Suppose m = -5*y + 10, 5*p + 2*y - 4*y = 1556. What is the hundreds digit of p?
3
Let g(b) = -b - 1. Let p(s) = 29*s + 2. Let a(m) = 6*g(m) + p(m). What is the tens digit of a(3)?
6
What is the tens digit of -3282*((-14)/20 - (-140)/(-175))?
2
Let j(n) = -n**3 + 3*n**2 - 2*n + 3. Let x be j(2). Suppose -x*u - 3*b - 57 = -198, -u + 2*b + 38 = 0. What is the units digit of u?
4
Let o(l) = -l**3 + l**2. Let g(h) = 10*h**3 - 2*h**2 - 1. Let s(m) = -g(m) - 6*o(m). What is the units digit of s(-3)?
3
Let x(k) = -4*k**3 - k**2 - k + 22. Let c(b) = b**3 - b. Let n(m) = 5*c(m) + x(m). What is the units digit of n(6)?
6
Suppose -4*d - 4262 = -2*a, -d + 3 = 5. What is the tens digit of a?
2
Let d = -1237 + 3233. What is the units digit of d?
6
Let o be 184/28 + (-8)/14. Suppose s + 6 = -o. Let t = 75 + s. What is the tens digit of t?
6
Let h(i) = -24*i**3 - i - 8. What is the hundreds digit of h(-3)?
6
Suppose 0 = 115*v - 117*v + 130. What is the tens digit of v?
6
Suppose -2*s - 8 = 0, -4*p - 32 = 2*s + 3*s. Let t = -2 - p. Let d = 6 - t. What is the units digit of d?
5
Let g = 10178 - 5706. What is the units digit of g?
2
Let a be 12/9*(21/(-2))/(-7). What is the hundreds digit of (-4)/10 + ((-2254)/(-10) - a)?
2
Let a(b) = b**2 + 23*b + 52. Let l be a(-21). Suppose l = -32*c + 34*c. What is the units digit of c?
5
Let f(t) = -t**2 - 4*t + 2. Let c be f(6). Let i be 6 + 0 + -4 - 88. Let x = c - i. What is the tens digit of x?
2
Suppose 0*k - 4*k + w = -1523, -5*w + 25 = 0. What is the units digit of k?
2
Let l(i) = 256*i + 343. What is the hundreds digit of l(5)?
6
Let w = 103 - 100. What is the units digit of 472*(w + 10/(-4))?
6
Let m = 689 + -150. What is the units digit of m?
9
Let m(q) = 7*q - 3. Suppose 7*w = 2*w. Suppose w = -2*t + 3*t - 9. What is the tens digit of m(t)?
6
Let g(v) be the second derivative of v**5/20 - 7*v**4/12 - v**3 - 5*v**2/2 - 3*v. Let z(s) = 3*s - 1. Let l be z(3). What is the tens digit of g(l)?
1
Suppose 4*d - 10 = -3*f, -2*d + 2*f = 2*d. What is the hundreds digit of (((-10)/(-4))/5)/(d/314)?
1
Let k(s) = s**3 - 13*s**2 - 2*s + 1936. What is the thousands digit of k(0)?
1
Let u = 6351 + -3724. What is the thousands digit of u?
2
Let k = 14 + -16. What is the units digit of 89*(k + (6 - 3))?
9
Let h(z) = -997*z - 12. What is the thousands digit of h(-2)?
1
What is the tens digit of 1869 - 4*(-9)/(-6)?
6
Suppose -4*r + 155 = -3*u, -r + 34 = 3*u - 1. Let n be (-178)/(-14) - 8/(-28). Let o = r - n. What is the units digit of o?
5
Let x(g) = -2*g - 11*g**2 - 9*g**2 - 1 - 5*g - g**3 + 27*g**2. Let z be x(5). Suppose h + 5*m = -z + 2, 36 = 3*h - 3*m. What is the units digit of h?
8
Suppose 0 = -0*t - 4*t - 3*s + 27, -10 = 5*t - 5*s. Suppose t*w + 3*w - 60 = 0. What is the tens digit of w?
1
What is the tens digit of (-1435)/(-63) - (87/(-27) + 3)?
2
Let i be 3/(-15) - 23492/(-35). Suppose -i - 1422 = -13*h. What is the tens digit of h?
6
Let f(a) = -a**3 - 6*a**2 + 2. Let w be f(-6). Let x be w*9/(-6) - -15. Let g = -5 + x. What is the units digit of g?
7
Let j(x) = -51*x. Let v be j(-1). Let k = -76 + v. What is the units digit of (k/10)/(1/(-2))?
5
Let b(u) = 41*u**2. Let h = 12 - 12. Suppose 2*z + 5*t = 3, h*z + 3*z = -5*t + 2. What is the tens digit of b(z)?
4
What is the units digit of 2/4 - (-18910)/20?
6
Suppose 311 = 11*u - 327. What is the tens digit of u?
5
Let b be -5*((-1)/((-4)/48))/(-1). Let r be (-4)/6*(-24)/2. Suppose -r*w + b = -3*w. What is the tens digit of w?
1
Let q(z) = 7*z**3 - 3*z**2 - 6*z. What is the units digit of q(5)?
0
What is the hundreds digit of (52/(-8) + 4)*-458?
1
Let s = -124 + 943. What is the tens digit of s?
1
Suppose 25*j - 21*j = 1064. What is the tens digit of j?
6
Suppose -6*c + 1245 = 441. What is the units digit of c?
4
What is the hundreds digit of (1*1556)/(1 + 8 + -7)?
7
Let v(s) = -s**3 + 19*s**2 - 16*s - 13. What is the tens digit of v(16)?
9
Let z = -215 + 310. Let y = z - 49. What is the tens digit of y?
4
Let u(z) = -z**3 - 18*z**2 - 26*z + 14. What is the hundreds digit of u(-17)?
1
Let p = -181 - -485. What is the tens digit of p?
0
Let u be (-52)/(-16) + (-2)/8. Let r = u + 8. What is the units digit of r?
1
Suppose 9*s + 48 = 3*s. Suppose -2*i - i = 42. Let h = s - i. What is the units digit of h?
6
Suppose 4066 = 7*a + 839. What is the tens digit of a?
6
Suppose 2*i - 8*i = 2904. What is the units digit of i/6*33/(-22)?
1
What is the tens digit of 920/8 - 6/2 - -1?
1
Let h(c) = 1986*c**3 + 7*c**2 - 9*c + 2. What is the units digit of h(1)?
6
Let w = 547 - 158. What is the tens digit of w?
8
Let v(w) = 3*w**2 + 26*w + 11. Let f(y) = -y**2 - 13*y - 5. Let i(k) = -5*f(k) - 2*v(k). Let u be i(13). What is the units digit of (-62)/3*(u + -6)?
2
Let q(o) = -5 - 2*o + 12*o**2 - 2*o - o. Let c = 219 - 221. What is the units digit of q(c)?
3
Let j be (-1278)/(-30) - (-2)/5. Suppose -j = 5*h - 6*h. What is the units digit of h?
3
Let w = -125 - -1241. What is the hundreds digit of w?
1
Let s(n) = 8*n - 4. Let y be s(2). Let m be (-30)/(-3)*8/(-20). What is the units digit of (m/y)/(2/(-186))?
1
Suppose -u - 4 = -2*s + 4, -4*u + 34 = 3*s. Suppose -570 = -16*o + s*o. What is the units digit of o?
7
Let p be 6/12*(-1 - -1). Suppose 10*o - 14*o + 16 = p. Suppose -41 = -o*n + 163. What is the tens digit of n?
5
Suppose 27*c + 1053 = 30*c. What is the units digit of c?
1
Suppose 5*j - 22 = -n, 0 = j - 3*n - n - 17. Suppose 0 = 2*c - j*k - 96, -2*c + k + 192 = 2*c. Let x = c - 33. What is the units digit of x?
5
Let u(s) = 83*s - 2. Suppose -l - 2 = t, 0 = 4*l + 18 - 6. What is the units digit of u(t)?
1
Let v(a) = 6*a - 4. Suppose 18 = -n - 4*r, 3*n = 2*r + 8 + 8. Let h(b) = -25*b + 16. Let k(t) = n*h(t) + 9*v(t). What is the units digit of k(14)?
2
Suppose 3*z - 2820 = -5*n, 4719 = 5*z + 4*n - 2*n. What is the units digit of z?
5
Let u(s) = 2*s**3 - 2*s**2 + 3*s - 3. Suppose 3*l + 7 + 0 = -4*k, -3*k = -l - 11. Let t be u(k). Let d = t + 1. What is the units digit of d?
2
Suppose -76 = 3*z - z. Let b(v) = 7*v - 299. Let a be b(57). Let s = a + z. What is the tens digit of s?
6
Let m(l) = -l**2 - 9*l + 14. Let h be m(-10). Suppose -4*u + 268 = h*q, -5*q + 5*u = 2*u - 295. What is the tens digit of q?
6
Let j(p) be the second derivative of -p**4/12 + p**3 - p**2/2 + p. Let b = -150 - -155. What is the units digit of j(b)?
4
Let i(b) = b**3 + 11*b**2 - 13*b - 3. Let r be i(-12). Let u(a) = -9*a + 0*a**3 + 12 + 0*a**3 - a**3 + 10*a**2. What is the units digit of u(r)?
2
Suppose 0 = 15*j + 5*j + 280. Let h(t) = -t**3 - 13*t**2 + 9*t + 40. What is the units digit of h(j)?
0
Let w(f) be the third derivative of -f**6/60 + f**5/60 + f**4/24 + 211*f**3/6 + 3*f**2 - 2*f. What is the tens digit of w(0)?
1
Suppose -63*z = -161169 - 42195. What is the tens digit of z?
2
Suppose 2*f + 2*h = 2650, 5*h = -f + 2196 - 875. What is the thousands digit of f?
1
Suppose 96 = -3*g + 4*g. Let v = 272 - g. What is the units digit of v?
6
Suppose -5*g = -4*a + 7 + 3, -3*a = -3*g - 9. Suppose -3*x - 5*d + 370 = g*x, 0 = 4*d + 8. What is the units digit of x?
6
Suppose 0 = -9*m - 130 - 41. What is the hundreds digit of m/(-114) + 653/6?
1
Let i(w) = w**3 - 23*w**2 + 21*w - 23. Let y be i(15). What is the units digit of 12/42 + y/(-14)?
8
Suppose 0 = -5*n - 3*l - 17, l = -2*n - 4 - 3. Suppose 5*j + 2*w = 4*w - 50, 3*j + 4*w = -56. What is the units digit of (87/j)/(1/n)?
9
What is the tens digit of (1 + -2)*11361/(-21)?
4
Suppose 3*w = -0*w + 1020. What is the tens digit of w?
4
Let g = 6 - 3. Suppose -g*b = -189 - 3. Suppose 4*p + 0*p = b. What is the units digit of p?
6
What is the thousands digit of (3/(-1))/((-1)/(2323/3))?
2
Let n = 12 + -9. Let l be (-1)/n - 104/(-24). Suppose -l*y = s - 19, -5*y + 33 + 8 = 2*s. What is the units digit of s?
3
Suppose 0 = 2*x + 30 - 890. What is the units digit of x?
0
Let o = 2631 - -207. What is the tens digit of o?
3
Suppose 6*r - r - 20 = c, r = -4*c - 59. What is the tens digit of c/(-4)*(-12)/(1 + -2)?
4
Let x(v) = -v. Let g(s) = 28*s - 29. Let r(f) = g(f) - 5*x(f). What is the hundreds digit of r(7)?
2
Let i(o) = 9*o**2 + 5. Let k = 12 + -